-2488, -5*x - 5*w = -3490 + 370. Let p = 1047 - x. What are the prime factors of p?
7, 61
Suppose 3*m + 2*t = 30 + 4, 5*m = 4*t + 64. Let n(w) = 4*w + 122. What are the prime factors of n(m)?
2, 5, 17
Let c = -184 - -184. Suppose -2*q + b = -b - 820, c = 5*q + 4*b - 2005. What are the prime factors of q?
3, 5
Suppose 0 = 5*n + 5*o - 35860, -4*n + 27530 = -2*o - 1176. Suppose w - 1446 = -11*j + 8*j, -5*w + n = 4*j. List the prime factors of w.
3, 53
Let a be 1 - (-4)/(-2) - (3 - 3). Let n(d) = -29*d**3 - 1. Let s be n(a). Suppose f - 3*i = s, -3*f = 2*i + 21 - 160. What are the prime factors of f?
43
Let h = 119110 + -69653. List the prime factors of h.
19, 137
Let a(o) = 23*o - 4. Suppose 4*c = -2*k + 6, 3*k + 11 = -7*c + 6*c. Let l(j) = 12*j - 2. Let m(y) = k*l(y) + 2*a(y). What are the prime factors of m(-7)?
2, 5
Suppose r - 2 = 3*r. Let j be 219/(-24) + (-30)/(-240). What are the prime factors of (-241)/r + (j - -11)?
3
Suppose s - 13943 = -4*d, 2*s + 52*d = 49*d + 27861. What are the prime factors of s?
3, 7, 13, 17
Let f(a) = 195 - 26*a + 18*a - 192. Let s(w) = -w**3 - w**2 - w - 17. Let z be s(0). What are the prime factors of f(z)?
139
Let z be (24/14)/((-6)/(-28)). Let d(n) = z + 13*n - 7*n + n**2 + n**2 + 0*n. What are the prime factors of d(-8)?
2, 11
Suppose 5*o + t + 775 = 4*o, -5*o - 3879 = t. Let n = o - -1529. List the prime factors of n.
3, 251
Suppose z = -2*h + 83 + 52, 4*z + h = 533. Suppose 979 = 2*c + z. List the prime factors of c.
3, 47
Let k(t) = 1129*t**3 + t**2 - t + 1. Let n be k(1). Let b = -453 + n. What are the prime factors of b?
677
Let x = -64 + 150. Let o = x - 82. Suppose -3*y = 5*b - 317, -6*b - 411 = -o*y - b. List the prime factors of y.
2, 13
Let o(i) = -30818*i + 1829. What are the prime factors of o(-1)?
32647
Let b(a) = -a**3 + 89*a**2 + 337*a + 280. List the prime factors of b(87).
7, 11, 83
Suppose 586 = -10*u + 11736. Let f = u + -282. List the prime factors of f.
7, 17
Let l = 7 - 4. Suppose 5400 = l*r + 7*r. What are the prime factors of r?
2, 3, 5
Let a = 125 - 74. Suppose -a = -2*u + 965. Suppose -5*c = 143 - u. What are the prime factors of c?
73
Suppose -3*o = -2*u + 36995, -15810 = 2*u - 2*o - 52804. List the prime factors of u.
2, 17
Suppose 2*z = -3*l + 350, -2*l + 7*l = -3*z + 585. Let i = l - -12. What are the prime factors of i?
2, 3, 11
Let b(g) = 2*g**2 - 6*g + 50. Let q = -63 - -73. What are the prime factors of b(q)?
2, 5, 19
Let x = -234 - -822. Let v = x + -225. What are the prime factors of v?
3, 11
Let c(l) = 2*l**2 + 4*l + 2. Let o be c(-2). Suppose 46 = o*y - 4*h + 20, -3*y + 31 = -4*h. Suppose 3*f - y*f = -98. What are the prime factors of f?
7
Suppose 28*p = 8*p + 100. Suppose -2*b - p*o = -7*o - 858, -4*o - 438 = -b. What are the prime factors of b?
2, 3, 71
Suppose -280*w + 61736 = -276*w. List the prime factors of w.
2, 7717
What are the prime factors of 160/(-800)*(-70)/(-6)*4581/(-1)?
3, 7, 509
Suppose 391 = 4*g - 3*t, 2*g - 2*t = -3*g + 494. List the prime factors of g/(-80) - 765/(-4).
2, 5, 19
What are the prime factors of 163376/2*(-34 - 1656/(-48))?
2, 10211
Suppose 3926768 - 12788672 = -246*o. What are the prime factors of o?
2, 3, 19, 79
Let h = 18 + -16. Let r(n) = n**2 - 8*n + 3 - 4*n**2 + 2*n**h - 20*n. List the prime factors of r(-13).
2, 3, 11
Let k = 47 - 42. Suppose 80 = -3*x + k. Let o = 57 + x. What are the prime factors of o?
2
Let n(s) be the third derivative of -37*s**4/24 - 23*s**3/6 + 233*s**2. Suppose 0 = -3*d + 5*w - 1, -2*w - 5 = 3. What are the prime factors of n(d)?
2, 59
List the prime factors of ((-28)/16)/(13/(-7852)).
7, 151
Suppose -2*b + h = -66310, 5*b + 3*h = 130594 + 35148. What are the prime factors of b?
2, 7, 37
Let z(c) = 3*c**2 - 56*c - 58. Let j be z(26). Suppose -72 = h - j. List the prime factors of h.
2, 13, 17
Let u = 3252 + -3016. Let s be 4/10 - (-172)/20. Suppose -11*w + s*w + u = 0. List the prime factors of w.
2, 59
Let r(n) = 7*n + 2. Let d = -69 - -71. Let t be r(d). Suppose 4*c - s - 96 = s, t = 4*s. List the prime factors of c.
2, 13
Let x(a) = a**3 - 11*a**2 + 11*a - 29. Let j be x(7). Let y = j + 748. What are the prime factors of y?
2, 3, 5
Let i = 74 - 47. Let s = i - 22. Suppose 0 = -3*w - 2*w + m + 1100, -5*w + s*m + 1120 = 0. What are the prime factors of w?
3, 73
Let h = -214 + 672. Suppose -14*k + 3546 = -h. What are the prime factors of k?
2, 11, 13
Let x(r) = -81*r - 35. List the prime factors of x(-1).
2, 23
Let m = 164 - 164. List the prime factors of m - (8 + -5 + -308).
5, 61
Suppose 119 = -3*m - 115. Let r(u) = -1188*u. Let v be r(8). What are the prime factors of v/m + 4/26?
2, 61
Let a(o) = -3*o + 7. Let n be a(5). Let l be 2 - (n + 4 + 5). Suppose -4*y - 5*f = -195, 10 = 3*f + l. What are the prime factors of y?
3, 5
Suppose -360410 = -7*w + 420328. Suppose -w = -47*s - 11*s. List the prime factors of s.
3, 641
Suppose 3*t = -5*x + 123, 193 = 4*t - 3*x - 0*x. Let k be 3/(-6)*(-1 - 5). Suppose k*y - t = y. List the prime factors of y.
23
Suppose -f = 5*i + 28 - 49, -4*i + 3*f = -32. Suppose i*h = 2*v - 107, -5*v = -2*v + 2*h - 189. List the prime factors of v.
61
Let z = -266 - -261. List the prime factors of (-1583 - z)*2/(-4).
3, 263
Let z(n) be the third derivative of 7*n**4/6 - 77*n**3/3 - 119*n**2. List the prime factors of z(23).
2, 5, 7
Let x = -3059 - -3294. Let v = -47 + -102. Let l = v + x. What are the prime factors of l?
2, 43
List the prime factors of 8 - (-65 + 70 - (25297 + 1)).
25301
Suppose 2*u - 50 = -4*r, -4*r - 4*u + 64 = r. List the prime factors of r/18*-3 - 1713/(-3).
569
Let a be (-4)/14 + 443/7. Suppose -72*f - 166*f - 9734 - 3832 = 0. Let g = a + f. What are the prime factors of g?
2, 3
Let y(h) be the second derivative of 3*h**5/20 + 5*h**4/12 + 8*h**3/3 + 5*h**2/2 + 16*h. Let m be y(-7). What are the prime factors of (-8)/(-3)*m/(-22)?
2, 3
What are the prime factors of (-217 + -327548)*2/(-10)?
3, 21851
Let s = -9556 + 22978. Suppose 5*k - s = -4*n, -4*n - 2 = -14. Suppose -17*r + 26*r - k = 0. What are the prime factors of r?
2, 149
Let z(w) = 2*w**3 - w**2 - 3*w + 57. Let y be z(0). Let u = y + 260. What are the prime factors of u?
317
Let p(f) = 8*f + 98. Let k = 90 + -70. Suppose -3*g - 2*m + 8 = -2, 0 = -5*g + 4*m - k. What are the prime factors of p(g)?
2, 7
Let b = -369 + 597. Suppose -3*g + 9*g - b = 0. Suppose 42*y - g*y = 316. What are the prime factors of y?
79
Let h(y) = 113*y**2 + 159*y + 2172. List the prime factors of h(-18).
2, 3, 5987
Suppose 201 - 191 = 5*y. Suppose 3141 = 5*x - y*h, h - 1875 = -3*x - h. List the prime factors of x.
3, 11, 19
Let p = 115 - -325. Let a = p + -252. What are the prime factors of a?
2, 47
Let g(h) = 17*h**2 + 12*h + 37. Let c be g(-4). Let k = c - 241. What are the prime factors of k?
2, 5
Let x = 2094 - 2089. Suppose -4*k + 1 = 4*w - 3, 1 = 2*k + w. Suppose k = -x*d + 120 + 160. List the prime factors of d.
2, 7
What are the prime factors of (-2 - (-2 - -4)) + (13061 - -22)?
11, 29, 41
Let p(k) be the first derivative of -4*k**2 - 45*k + 18. Let v be p(-9). Suppose 501 = 8*t - v. List the prime factors of t.
2, 3, 11
Let o(g) = g**3 - 5*g**2 - 7*g + 9. Let b be o(6). Suppose -3*d - 6 = -b. What are the prime factors of (d + 13)/((-8)/(-52))?
2, 3, 13
Let d(t) = -11*t**2 - 12*t - 3. Let w(z) = -2*z + 1. Let r(y) = -d(y) + 2*w(y). List the prime factors of r(-3).
2, 5
Let l(d) = 1136*d**2 - 8*d + 1. Let n be l(-1). Suppose 1483 = 9*t - n. What are the prime factors of t?
2, 73
Suppose 0 = 182*b - 236*b + 1267596. List the prime factors of b.
2, 11, 97
Suppose -553 = -3*r + 4*w, 4*r + 66 - 795 = -3*w. Let g be (r/(-2))/((-74)/24 + 3). Suppose 12*o - g = 6*o. What are the prime factors of o?
3, 61
Let k = -36 - -541. Let l = 871 - 616. Suppose g - 2*g - o = -l, 0 = -2*g - o + k. What are the prime factors of g?
2, 5
List the prime factors of 6 - ((-56176)/3 - (-232)/(-348)).
2, 3, 7, 223
Suppose -13*q + 24 = -17*q. Let x = q - 10. List the prime factors of -148*(36/x - -2).
37
Let q(t) = -101*t + 20. Let l be q(1). Let j = l + 213. List the prime factors of j.
2, 3, 11
Suppose 0 = -2*t - 2*q - 0*q + 284, -5*t + 4*q = -737. Let x = 65 - 100. Let m = t + x. List the prime factors of m.
2, 5, 11
Let l be (-12)/(-3) + 3 + -1 